11.
9
Suppose 5*q + 20 = 110. What is the remainder when q is divided by 5?
3
Let n(k) = -k**2 + 10*k - 10. Calculate the remainder when 41 is divided by n(5).
11
Let g be 182/(-10) + (-5)/(-25). Calculate the remainder when (5 - g)*(1 - 0) is divided by 7 + (-1)/2*2.
5
Calculate the remainder when -4 - (-6 + 5) - -95 is divided by 24.
20
Let c = -14 + 7. What is the remainder when 8/28 - 467/c is divided by 23?
21
What is the remainder when 285 is divided by (-1)/(-4) - (489/4)/(-3)?
39
Let j(k) = k**2 + 5*k + 2. Let o be j(-4). Calculate the remainder when o + (-13 + 1)/(-4) is divided by 1.
0
Let n = -14 - -39. Let f = -1 + 1. Suppose f*x - n = -x. What is the remainder when x is divided by 9?
7
Let v(p) = p**2 - 8*p + 2. Let z be v(8). Suppose -h + 156 = z*h. Suppose 0 = -t - 3*t + h. What is the remainder when 24 is divided by t?
11
Calculate the remainder when -1 + 84 + (-3 - 1) is divided by 10.
9
What is the remainder when 136/6 + (-3)/(-9) is divided by 15 + (-3)/(-6)*6/(-1)?
11
Let h be 6/(-1 - 1)*-1. Suppose -3*d - 30 = 4*u - 118, u - h*d = 22. What is the remainder when u is divided by 6?
4
Suppose 0 = 2*k - 43 - 11. Let v = k + -10. What is the remainder when 33 is divided by v?
16
Let a(f) = -f**3 + 16*f**2 + 19*f + 25. What is the remainder when a(17) is divided by 31?
28
Let u = 16 - 25. Let r = u - -17. Suppose r = -2*p + 3*p. What is the remainder when 15 is divided by p?
7
Suppose 3*f - 118 + 841 = 0. Calculate the remainder when (-6)/(-27) - f/9 is divided by 14.
13
Suppose 109 = z - 4*w - 89, 0 = -z - 4*w + 166. What is the remainder when (-2)/3*-6*6 is divided by (2/(-4))/((-7)/z)?
11
Suppose -10 = -0*p - 5*p. What is the remainder when 3 is divided by p?
1
Let t be (-10)/15 + (-64)/(-6). What is the remainder when (-4)/t - (-1422)/30 is divided by 12?
11
Let i = -38 - -64. What is the remainder when i is divided by 8?
2
Let j(r) = -5*r - 1. Let u be j(-2). Suppose 13 + u = 2*n. Calculate the remainder when 32 is divided by n.
10
Suppose 4*c = c. Suppose -a + 2*r + 6 = -5, c = -a - 5*r + 11. Suppose 0 = -u + a + 1. Calculate the remainder when 22 is divided by u.
10
Let r be (-2)/(3/(9/(-3))). Suppose d = r*b, 2*d + 2*b - 10 = b. Suppose 5*g - 14 = 4*t + 18, -2*t + d = 0. Calculate the remainder when 15 is divided by g.
7
Let k(f) = -2*f - 3. Let i(c) = 2*c + 8. Let g be i(-7). What is the remainder when k(-4) is divided by g/(-2) + (3 - 4)?
1
What is the remainder when 3/21 + 656/14 is divided by 12?
11
Let z = 27 - 5. Suppose -11*g = -16*g + 40. Calculate the remainder when z is divided by g.
6
Let o(u) = -5*u + 55 + 2*u + 2*u. What is the remainder when o(0) is divided by 28?
27
Suppose 3 = v, 2*v + 2*v = -2*x + 30. Let o = -14 - -22. What is the remainder when (-2)/x - (-200)/9 is divided by o?
6
Suppose -4*m = 0, 0 = -4*k + 3*m + 66 + 14. Calculate the remainder when 5 is divided by 8/k - 26/(-10).
2
Let r(o) = o**2 - o - 19. Calculate the remainder when 44 is divided by r(-6).
21
Let h(g) be the first derivative of 2*g**2 - 1 - 4/3*g**3 - 1/4*g**4 + 7*g. What is the remainder when h(-5) is divided by 7?
5
Let n(b) = b + 7. Suppose m = -2*m - 12. Calculate the remainder when 8 is divided by n(m).
2
Suppose -3*r + 22 = -2*m, -m - 12 = 2*r + 3*m. Suppose r*a = -v + 102, 0 = -4*a + v + 83 + 23. What is the remainder when a is divided by 10?
6
Let p = 62 + -25. Suppose 34*n - 14 = 33*n. Let x = p - n. What is the remainder when x is divided by 8?
7
Let r(j) = -j**2 + 14*j - 16. Calculate the remainder when r(7) is divided by 18.
15
Let z = 1 - -3. Suppose z*t - 4*s - 48 = 0, -2*s + 19 + 7 = 3*t. Calculate the remainder when 27 is divided by t.
7
Let x be 2 + 0 + 20/(-1). Let q = x - -60. Suppose -u - u + q = 3*g, -g - 3*u + 7 = 0. Calculate the remainder when g is divided by 9.
7
Let u(d) = d**2 - d + 6. Let l = -6 - 0. What is the remainder when 3 + (-1 - (-3 + l)) is divided by u(0)?
5
Let m be 2 - (-3 - -1)*90. Suppose -f + m = f. What is the remainder when f is divided by 23?
22
Suppose 0 = 5*k - 4*f - 1047, 7*k + 4*f - 609 = 4*k. Calculate the remainder when k is divided by 52.
51
Let q(i) = -8*i**2 + i + 1. Let h be q(-2). Let j = h + 50. What is the remainder when j is divided by 10?
7
Suppose n + 5*t - 105 = 0, -3*t - 43 + 225 = 2*n. Let r = n - 15. What is the remainder when r is divided by 18?
16
Suppose 5*x - 36 = 4*p - 94, p - 13 = 2*x. What is the remainder when 28 is divided by p?
11
Suppose 4*f - 6 - 10 = 0. Suppose 2*d = f*d - 116. Suppose d = 2*y + 2*g, -7*y - 3*g = -3*y - 118. What is the remainder when y is divided by 11?
9
Let h(c) = -c**2 + 5*c. Let m be h(5). Suppose -7*i + 3*i + 8 = m. Suppose -i*k + 8 = -4*d + k, k - 5 = -d. What is the remainder when 1 is divided by d?
0
Suppose -y - 11*y + 588 = 0. Calculate the remainder when y is divided by 13.
10
Suppose 2*v + 2*c = -3*v + 41, 2*v - c = 11. Calculate the remainder when 40 is divided by v.
5
Let k(d) = 9*d + 1. Let u be k(-4). Let f = u - -64. Calculate the remainder when f is divided by 10.
9
Suppose 2*j - 36 = 4. Suppose y = j + 7. Calculate the remainder when y is divided by 6.
3
Let g = -17 - -40. Let j = 11 + 1. Calculate the remainder when g is divided by j.
11
Suppose 0 = -s + 15 - 8. Calculate the remainder when 19 is divided by s.
5
Suppose 52 = -4*p + 6*p. What is the remainder when p is divided by 14?
12
Suppose 2 = -3*z - 19. Let o(c) be the second derivative of -c**4/12 - 7*c**3/6 + 2*c**2 - 3*c. Calculate the remainder when o(z) is divided by 2.
0
Let l = 61 + -31. What is the remainder when l is divided by 8?
6
Suppose 12 = -4*k, 3*k = i + 2*k - 4. What is the remainder when 7 is divided by 3 - (1 + i) - -4?
2
Let h = -2 - -4. Suppose 4*u - 44 = -b, -4*u + h*b = -2*u - 12. Suppose -7*f = -2*f + 3*r - 101, -f = -r - 17. Calculate the remainder when f is divided by u.
9
Let s be 6*(-6)/9*-29. Let u = -82 + s. What is the remainder when u is divided by (-25)/(-2) + (-5)/10?
10
Let o be 3*(-2)/(-6)*-1. Let j = o - -3. Suppose -k - j*k + 5*n + 130 = 0, -k - n = -30. Calculate the remainder when k is divided by 12.
11
Let b(w) be the second derivative of w**5/20 + w**3/6 + w**2 - 2*w. Let s be b(-2). Let o = 4 - s. Calculate the remainder when 34 is divided by o.
10
What is the remainder when 25 is divided by ((-3)/(-9))/(1/21)?
4
Suppose -14 = -d - 0*d. Let i = 99 + -73. Calculate the remainder when i is divided by d.
12
Let m be (5 - -3) + (1 - 2). Let j = m + -1. What is the remainder when 16 is divided by j?
4
Suppose 0 = t - 6*t + 225. Suppose 3*b = 51 + t. Calculate the remainder when b is divided by 11.
10
Let g(m) = -7*m**3 + 3*m**2 + 5*m + 29. Let y(v) = 4*v**3 - 2*v**2 - 3*v - 14. Let f(b) = 3*g(b) + 5*y(b). Calculate the remainder when f(0) is divided by 9.
8
Let x be (-40)/6 + 2/(-6). Let j(r) = -3*r - 8. Let h be j(x). Suppose -21 = -3*g - 3*q, -5*g + 3*q = -14 - h. Calculate the remainder when 16 is divided by g.
4
Let j = -43 + 37. Let m(y) = -y + 6*y**2 + 3*y - 8 + y**3 + y**2. Calculate the remainder when 47 is divided by m(j).
15
Let z = -62 + 91. What is the remainder when z is divided by 10?
9
Suppose -3*v = -2 - 7. Suppose v*y - 7 = -4*o + 117, 3*y - 120 = -3*o. What is the remainder when y is divided by (-19)/(-1)*(3 - 2)?
17
Suppose -4*c = -6*c - 8. Let n = -23 - c. Let t = n - -31. Calculate the remainder when 45 is divided by t.
9
Let b = 17 + 29. What is the remainder when b is divided by 17?
12
Suppose t - v + 1 = 4, 2*t - 5*v - 6 = 0. Suppose -i + 8 = t*i. Suppose 3*u = 2*u + f + i, -2*u = 2*f - 16. What is the remainder when u is divided by 2?
1
Let m(b) = -b**2 - 4*b - 1. Suppose 3*q + 0 + 12 = 0. Let o be m(q). Let l = o + 11. What is the remainder when 29 is divided by l?
9
Suppose 48 = 2*s - w, 5*s - 90 = -0*s - 5*w. What is the remainder when 240 is divided by s?
20
Suppose -3*a - a = -236. Suppose 0 = -18*p + 22*p - 80. Calculate the remainder when a is divided by p.
19
Suppose 280 = -2*d + 4*d. Let i = d - 45. Suppose 4*l + l = i. Calculate the remainder when l is divided by 7.
5
Suppose 4*h = 2*s - 6*s + 52, -4*h - 20 = -5*s. Let z(u) be the first derivative of 3*u**2/2 - 4*u - 2. What is the remainder when z(s) is divided by 7?
6
Suppose 0 = -0*a + 2*a - 24. What is the remainder when 6 is di